17. Suppose 0*q = -5*g - q + j, g + 3*q = 86. What is the units digit of g?
4
Let r(z) = z - 7. Let f be r(11). What is the units digit of f/(-10) + 2254/35?
4
Suppose 5*q + 667 = d - 3810, -3*d + 5*q + 13401 = 0. What is the thousands digit of d?
4
Suppose 11*y = -626 + 13078. What is the thousands digit of y?
1
Let f(i) = -7*i**3 - 2*i**2. Suppose 7*w - 14 + 28 = 0. What is the units digit of f(w)?
8
Let t(c) = 5*c + 40 + c**2 + c + 45 - 97. What is the units digit of t(12)?
4
Let y(m) be the third derivative of -m**5/60 + 17*m**4/24 + m**3/6 + 9*m**2. What is the tens digit of y(8)?
7
Suppose 11*j - 12*j = -5*h + 6649, -2678 = -2*h + 5*j. What is the thousands digit of h?
1
Let b(x) = x**2 - x - 5. Let w = -17 - -19. Suppose -w*h + 15 = -5*h. What is the units digit of b(h)?
5
Let z = -12 - -16. Suppose o - 3*o = -z, -w + 3*o - 5 = 0. What is the units digit of w?
1
Let a(f) = -13*f + 31. What is the units digit of a(-12)?
7
Suppose -2*y - i = -0*y - 24, 0 = -5*y - 4*i + 63. Suppose -2 - 3 = -4*t + 3*h, 3*h - y = -4*t. What is the units digit of t?
2
Let t(o) = o**3 - 6*o**2 + 7*o - 7. Let x be t(5). Suppose -2*p - 4*d = -94, p = 2*d + 34 - x. What is the tens digit of p?
3
Let v = -15 + 12. Let z = v - -3. Suppose 4*c - 15 - 1 = z. What is the units digit of c?
4
Let m = 1561 + -912. What is the tens digit of m?
4
Suppose 0 = 2*n - 11 - 1. Suppose 2*t = n*t. What is the units digit of 0 - (t - (-21)/(-3))?
7
Suppose 147*q = 153*q - 1224. What is the tens digit of q?
0
Let i = -28 - -27. Let b be (-3 + i)*(-105)/12. Let k = -15 + b. What is the tens digit of k?
2
Let u = -456 + 269. Let f = u - -285. What is the tens digit of f?
9
Suppose 36*l = 15*l + 17640. What is the tens digit of l?
4
Suppose -2*a + 0*a - 332 = 5*d, 5*d = -20. What is the units digit of (a/(-18))/(2/27)?
7
Let z(w) = w**3 - w**2 - w + 1. Let m(a) = a**3 - 2*a**2 + 4. Let b(y) = m(y) - 2*z(y). What is the units digit of b(0)?
2
Let d be (55/(-15))/(1/3). Let k(i) = i + 20. Let b be k(d). What is the units digit of 16/24*b/2?
3
Suppose 2*h - 31 = 13. Suppose -2*a + 4 + 40 = -4*o, -5*a + o + 128 = 0. Suppose -2*q = -u + 4*u - h, 4*u - a = -2*q. What is the units digit of q?
5
Let x = 237 - -263. What is the hundreds digit of x?
5
Let x be (-1)/((-3 - -2)/(-29)). Let p = 50 + x. Let n = 39 - p. What is the tens digit of n?
1
Let q be ((-23)/4)/(3/(-12)). Suppose q*m - 378 = 21*m. What is the hundreds digit of m?
1
Let n be -2 + -2 - (-27 + 0). Let q = 3 + n. What is the units digit of q?
6
Let z = 81 - 78. What is the tens digit of 2/z + -5 + (-2634)/(-18)?
4
Suppose 6*l = 166 + 2. What is the tens digit of -1 + 4300/l - (-9)/21?
5
Let l = -36 + 13. Let s = l + 101. What is the tens digit of s?
7
Let u(g) = -506*g - 152. What is the hundreds digit of u(-4)?
8
Let l be 734/4 + 1 - 3/6. Suppose l = -2*r + 4*r. What is the units digit of r?
2
Let p = 4 - 20. What is the tens digit of (-836)/p - 2/8?
5
Let y = 136 - 256. Let m = 295 + y. What is the tens digit of m?
7
Let a = -114 + 118. Suppose 56 - 884 = -a*k - 4*f, -4*k + 837 = -5*f. What is the units digit of k?
8
Let h = 401 + -267. What is the tens digit of (h/3)/((-28)/(-42))?
6
Let t = -7 - 0. Let k = t + 11. Suppose -i - 3*m + 11 = 0, 0*i + 2*m - 34 = -k*i. What is the units digit of i?
8
Suppose 21*x = 29*x - 4136. What is the tens digit of x?
1
Suppose -6*d = -11*d. Suppose -p + 15 + 0 = d. What is the tens digit of p?
1
Let b = 14 - 12. Suppose 5*l = -7 + b. Let x = l - -31. What is the units digit of x?
0
Let c(j) = j**2 + j + 1. Let f(n) = 2*n**2 - 5*n - 5. Let q(k) = 6*c(k) + f(k). Let d(b) = -2*b**3 - 2*b**2 - b. Let a be d(-1). What is the tens digit of q(a)?
1
Suppose 5*g = 0, -3*i - 2*g = -237 - 399. What is the hundreds digit of i?
2
Suppose 4*a - 38 - 42 = 0. Suppose a - 5 = 5*t. Suppose -t*i - 83 = -218. What is the tens digit of i?
4
Let r = -206 + 312. What is the units digit of r?
6
Suppose -5*n = -8*n + 339. Suppose -n = -3*x + 31. What is the tens digit of x?
4
Let z = -45 - -45. Suppose z*g - 6*g = -204. What is the tens digit of g?
3
Let r be 9 + (-5)/((-10)/6). Let j(m) = -m**2 + 16*m + 8. What is the units digit of j(r)?
6
Suppose 3*t + a = 54, 0*a - 18 = -t - 3*a. Suppose -f + t = 6. What is the units digit of (-2 + 1 - 3) + f?
8
Suppose -15 = -5*h, -5*h = 2*p - 0*p - 21. Suppose w = -p*w + 16. What is the tens digit of (w - 3)/((-3)/(-87))?
2
Suppose -117*j + 69948 = -88*j. What is the thousands digit of j?
2
Suppose -2*b + 2*h - 12 = -2, 3*b + 4*h = 20. Let z be ((-8)/(-6))/((-9)/(-135)). Suppose r - 3*j = 8 + z, -4*r - 3*j + 82 = b. What is the tens digit of r?
2
What is the tens digit of (-16)/(-32) + -3105*1/(-2)?
5
Let b = 23 - 8. What is the tens digit of 3/b + 954/30?
3
Suppose 2*k - t = 4*t - 2, -4*t = -8. What is the units digit of (5/k)/((-1)/(-28))?
5
Suppose 0 = -2*d + 3*z + 3382, -8421 = -36*d + 31*d - z. What is the hundreds digit of d?
6
Let i be 2*1*7/14. Let y be (-2 + i)*35 + 4. Let a = y - -55. What is the units digit of a?
4
Let o(x) = x**2 + 16*x + 1517. What is the units digit of o(0)?
7
Suppose 0 = 5*l - 5*v + 2*v - 35, -1 = -4*l - 3*v. Let y be l/26 - 4020/(-65). Suppose -y = 2*j - 216. What is the units digit of j?
7
Let m(s) = -s**2 + 5*s - 5. Let d be m(3). Let t be ((-174)/(-6))/(d/(-5)). Let q = 219 + t. What is the units digit of q?
4
Let t = -30 - -32. Suppose -198 - 126 = -t*k. What is the hundreds digit of k?
1
Let h(c) = 7*c**2 + 13*c + 9. Let n(i) = i**2 + i + 1. Let j(g) = h(g) - 6*n(g). Let p be j(-6). What is the units digit of p*((-8)/6)/4?
1
Let o(g) = -14*g**2 + 541*g - 12. What is the units digit of o(8)?
0
Let l be (-10)/25 + 34/10. Suppose -o - 59 = -3*o + k, 65 = 2*o - l*k. What is the tens digit of o?
2
Suppose -6*g + i + 4740 = 0, 1580 = 2*g + 6*i - 2*i. What is the units digit of g?
0
Let a(q) = 4*q**3 - 7*q**2 - 9*q - 27. What is the hundreds digit of a(9)?
2
Suppose 4*x - 9825 = -5*d, -5*x - 948 = -d + 1046. What is the tens digit of d?
6
Suppose g = 4*i - 2*g - 1156, 0 = 2*g - 8. Suppose -i = -4*h - 0*h + 4*n, 3*h = -3*n + 213. Let v = -29 + h. What is the units digit of v?
3
What is the hundreds digit of (57/(-5))/((-81)/8370)?
1
Let m(k) = k**2 - 12*k + 1470. What is the tens digit of m(0)?
7
Let c(x) = -x**2 - x + 13. What is the units digit of c(0)?
3
Suppose 5*w - 41 + 16 = 0. Let y be 72/21 - 12/(-21) - 2. Suppose y*z = w*z - 63. What is the tens digit of z?
2
Let h = 335 - -15. Let r = h + -174. What is the tens digit of r?
7
Suppose 3*q + 4*o + 128 = 0, 4*o = -5*q + 3*o - 236. Let h = 82 + q. What is the tens digit of h?
3
Let b(a) = 190*a**2 - 1. What is the units digit of b(1)?
9
Suppose -u = -8*u + 28. Suppose -u*c + 202 = 50. What is the units digit of c?
8
Let z = -33 + 68. Suppose -4 = -37*l + z*l. What is the units digit of l?
2
Let w(z) = -3*z - 13. Let x(j) = -2*j - 12. Let t(n) = 3*w(n) - 4*x(n). Let h be t(7). Suppose s - 36 = -h*s. What is the tens digit of s?
1
Suppose -25*l + 29844 = 1369. What is the thousands digit of l?
1
Let x = 21 - 21. Suppose 2*b - 7 - 21 = x. What is the units digit of b?
4
Suppose 3*g - 4 = 4*g. Let s(q) = -q**3 + q**2 + 7. What is the tens digit of s(g)?
8
Let o(x) = -5*x - 14. Suppose 2*v + 3*m = 5*m - 4, -3*m = -4*v - 4. Suppose -c - 16 = c - v*f, 3*c - f = -22. What is the units digit of o(c)?
1
Suppose 5*m - 3*r = -39, -5*m + 0*r = 3*r + 51. What is the units digit of ((-786)/4)/(m/6)?
1
Suppose i = 10*i + 1503. Let z = i + 293. What is the tens digit of z?
2
Let x be 8 - ((4 - 1) + -5). Suppose -3*j - x = 5*g, 4*j + 4 = -g - g. Suppose -2*w - 4*k = -j - 2, -2*w + 4*k = -10. What is the units digit of w?
3
Let l(z) = -4*z + 5 - 6 - 13 - z**3 + 9*z**2 - 7. What is the units digit of l(6)?
3
Let j(h) = -3*h + 5*h + 5 - 8. Let d be j(-4). Let b = 29 + d. What is the units digit of b?
8
Let i(g) = -g**2 + g - 1. Let u(n) = n**3 - 2 - 4*n**2 + 0*n + n + 5*n. Let k(h) = -2*i(h) + u(h). What is the units digit of k(3)?
1
Let h(a) = -3*a**2 + 4*a - 3. Let w be h(6). Let m = w - -160. What is the tens digit of m?
7
Let v = 178 - -247. What is the hundreds digit of v?
4
What is the tens digit of 404 - 23 - (1 + 6)?
7
Suppose 27 - 306 = -9*y. Suppose b + 4 - y = 0. What is the units digit of b?
7
L